{"id":63,"date":"2016-12-01T00:04:21","date_gmt":"2016-11-30T23:04:21","guid":{"rendered":"http:\/\/atelier-coworking.de\/?page_id=63"},"modified":"2023-08-22T20:40:45","modified_gmt":"2023-08-22T18:40:45","slug":"termine","status":"publish","type":"page","link":"http:\/\/atelier-salon.de\/?page_id=63","title":{"rendered":"K\u00fcnstlerische Nachl\u00e4sse"},"content":{"rendered":"\n<p><\/p>\n\n\n\n<p><\/p>\n\n\n\n<p>Seit Aufbau des Archiv-Croissant, &#8222;eine digitale Sammlung&#8220;, erhalten wir immer wieder Anfragen zum Umgang mit k\u00fcnstlerischen Nachl\u00e4ssen. Es sind meist Erben, also die Kinder von bereits verstorbenen K\u00fcnstlern, die deren Werke rechtlich geregelt oder ungeregelt \u00fcbernommen haben.  Interessant zeigt sich dabei die Unterschiedlichkeit der Thematik und die daraus resultierenden M\u00f6glichkeiten.<\/p>\n\n\n\n<p>Unserer Kapazit\u00e4t entsprechend, versuchen wir den ein oder anderen k\u00fcnstlerischen Nachlass in unser Programm zu integrieren und kombinieren diesen auch gerne mit zeitgen\u00f6ssischer bildender und darstellender Kunst.<\/p>\n\n\n\n<p>Viele Gespr\u00e4che und Recherchen haben dazu gef\u00fchrt, dass wir uns Gedanken \u00fcber die Aktivit\u00e4ten unserer Kulturst\u00e4tte hinaus machen und nach m\u00f6glichen Ans\u00e4tzen zur Verbesserten Handhabung dieses ganz besonderen &#8222;Kulturgutes&#8220; suchen.<\/p>\n\n\n\n<p>Erfahrungen und Anregungen nehmen wir sehr gerne entgegen.<\/p>\n\n\n\n<p><\/p>\n\n\n\n<p><\/p>\n\n\n\n<p><\/p>\n\n\n\n<p><\/p>\n\n\n\n<p><\/p>\n","protected":false},"excerpt":{"rendered":"<p>Seit Aufbau des Archiv-Croissant, &#8222;eine digitale Sammlung&#8220;, erhalten wir immer wieder Anfragen zum Umgang mit k\u00fcnstlerischen Nachl\u00e4ssen. Es sind meist Erben, also die Kinder von bereits verstorbenen K\u00fcnstlern, die deren Werke rechtlich geregelt oder ungeregelt \u00fcbernommen haben. Interessant zeigt sich dabei die Unterschiedlichkeit der Thematik und die daraus resultierenden M\u00f6glichkeiten. Unserer Kapazit\u00e4t entsprechend, versuchen wir [&hellip;]<\/p>\n","protected":false},"author":1,"featured_media":0,"parent":0,"menu_order":4,"comment_status":"closed","ping_status":"closed","template":"","meta":{"footnotes":""},"class_list":["post-63","page","type-page","status-publish","hentry"],"_links":{"self":[{"href":"http:\/\/atelier-salon.de\/index.php?rest_route=\/wp\/v2\/pages\/63","targetHints":{"allow":["GET"]}}],"collection":[{"href":"http:\/\/atelier-salon.de\/index.php?rest_route=\/wp\/v2\/pages"}],"about":[{"href":"http:\/\/atelier-salon.de\/index.php?rest_route=\/wp\/v2\/types\/page"}],"author":[{"embeddable":true,"href":"http:\/\/atelier-salon.de\/index.php?rest_route=\/wp\/v2\/users\/1"}],"replies":[{"embeddable":true,"href":"http:\/\/atelier-salon.de\/index.php?rest_route=%2Fwp%2Fv2%2Fcomments&post=63"}],"version-history":[{"count":99,"href":"http:\/\/atelier-salon.de\/index.php?rest_route=\/wp\/v2\/pages\/63\/revisions"}],"predecessor-version":[{"id":886,"href":"http:\/\/atelier-salon.de\/index.php?rest_route=\/wp\/v2\/pages\/63\/revisions\/886"}],"wp:attachment":[{"href":"http:\/\/atelier-salon.de\/index.php?rest_route=%2Fwp%2Fv2%2Fmedia&parent=63"}],"curies":[{"name":"wp","href":"https:\/\/api.w.org\/{rel}","templated":true}]}}

Künstlerische Nachlässe

<p></p>



<p></p>



<p>Seit Aufbau des Archiv-Croissant, &#8222;eine digitale Sammlung&#8220;, erhalten wir immer wieder Anfragen zum Umgang mit künstlerischen Nachlässen. Es sind meist Erben, also die Kinder von bereits verstorbenen Künstlern, die deren Werke rechtlich geregelt oder ungeregelt übernommen haben.  Interessant zeigt sich dabei die Unterschiedlichkeit der Thematik und die daraus resultierenden Möglichkeiten.</p>



<p>Unserer Kapazität entsprechend, versuchen wir den ein oder anderen künstlerischen Nachlass in unser Programm zu integrieren und kombinieren diesen auch gerne mit zeitgenössischer bildender und darstellender Kunst.</p>



<p>Viele Gespräche und Recherchen haben dazu geführt, dass wir uns Gedanken über die Aktivitäten unserer Kulturstätte hinaus machen und nach möglichen Ansätzen zur Verbesserten Handhabung dieses ganz besonderen &#8222;Kulturgutes&#8220; suchen.</p>



<p>Erfahrungen und Anregungen nehmen wir sehr gerne entgegen.</p>



<p></p>



<p></p>



<p></p>



<p></p>



<p></p>

<p>Seit Aufbau des Archiv-Croissant, &#8222;eine digitale Sammlung&#8220;, erhalten wir immer wieder Anfragen zum Umgang mit künstlerischen Nachlässen. Es sind meist Erben, also die Kinder von bereits verstorbenen Künstlern, die deren Werke rechtlich geregelt oder ungeregelt übernommen haben. Interessant zeigt sich dabei die Unterschiedlichkeit der Thematik und die daraus resultierenden Möglichkeiten. Unserer Kapazität entsprechend, versuchen wir [&hellip;]</p>
